mine o(-3).
3
Let u(o) = -o**3 - 8*o**2 + 9*o - 3. Let h be u(-9). Let y(x) = -3*x. Let s(d) = -21*d. Let f(n) = -4*s(n) + 27*y(n). Determine f(h).
-9
Let k(l) = 3*l - 7. Let f(q) = q**3 - 4*q**2 + 3*q - 6. Let c(z) = -z**2 + 6*z + 6. Let r be c(5). Let t = 15 - r. Let d be f(t). What is k(d)?
11
Let c(z) = -3*z. Let v = -17 + 16. Calculate c(v).
3
Let u = -11 - -14. Let w(j) = -10*j + 4. What is w(u)?
-26
Let x(a) be the first derivative of a**4/4 + 2*a**3 + 5*a**2/2 + 4*a + 38. What is x(-5)?
4
Let j(r) = -r**3 + 2. Suppose -2*m + 3 = b - 4*b, -3*m - 5*b = 5. Let g be (m/1)/(-10 - -13). Determine j(g).
2
Let c(t) = -t**2 + 23*t - 73. Let f be c(19). Let l(v) = v**3 - 4*v**2 + 5*v - 3. Calculate l(f).
3
Suppose -n = 2*w + 6 - 4, 2*w = 4*n - 12. Let g(x) = -2*x**3 + 2*x**2 - 2. Determine g(n).
-10
Let r(w) = 2*w**2 - 5*w - 3. Let b(q) = q**2 - 4*q - 2. Let z(a) = 4*b(a) - 3*r(a). Give z(2).
-9
Let n = -181 - -184. Let x(r) be the second derivative of -r**7/2520 + r**6/240 - r**5/40 - r**4/12 - r. Let g(d) be the third derivative of x(d). Give g(n).
-3
Let n = 15 - 9. Let m(p) = -4*p + 2*p - p - n. Suppose d - k + 24 = 3*k, 4*d + 2*k = -6. Give m(d).
6
Suppose 4 = i + i. Let a(t) = -2*t**3 + t**2 + t. What is a(i)?
-10
Let w = -1 - -1. Let p(c) = 2*c - c + 0 - 2 - 1. Calculate p(w).
-3
Suppose -2*f - 10 = 4*n + 3*f, -3*f = 2*n + 6. Suppose n = -2*t + t + 9. Let k be (-58)/(-18) + (-2)/t. Let g(h) = -h**2 + 2*h - 3. Give g(k).
-6
Suppose 9 = 2*d - 5. Suppose -2*z = -d*z - 20. Let i(t) = t**3 + 3*t**2 - 3*t + 4. Determine i(z).
0
Let u(a) = 1 + 7*a - 10*a + 2*a. Give u(-3).
4
Let p be (-8)/(-6)*36/8. Suppose -2*i + p + 4 = 0. Suppose 4*w - 21 = 4*z - i*z, 0 = -3*w + 5*z + 10. Let n(t) = -t**2 + 6*t - 1. Determine n(w).
4
Suppose d + 6 = -d. Let c(f) = f**2 + 2*f + 2. What is c(d)?
5
Let u = 6 - 0. Suppose -3*o = -4*h - 21 + u, -5*o = -2*h - 25. Let x(n) = -3 + 7*n + h*n + n**2 - 3*n. Give x(-3).
-6
Let u(x) = -x. Let c(v) = 1. Let p(n) = -3*c(n) - 4*u(n). Suppose 4*b + 9 = -5*h - 4, 5 = -h. Determine p(b).
9
Let r be 9/(36/(-8) + 3). Let z(g) be the third derivative of g**4/24 - g**3/6 + g**2. Determine z(r).
-7
Let d(k) be the first derivative of 1/3*k**3 + 5/2*k**2 - 7 + 3*k. What is d(-4)?
-1
Let j(q) = -5*q + 27. Let z(g) = 2*g - 9. Let k(a) = 3*j(a) + 8*z(a). Let o be k(-7). Let t(r) = 7*r - 4 - 3 - 5*r**2 + 4*r**o. Give t(5).
3
Let l(w) = 22 - 63 + 19 + 15 + 2*w. Give l(5).
3
Let w(d) = 3 - 2 - 3 + d**3 - d**2. What is w(0)?
-2
Suppose 0 = -2*s + 4. Let c = -4 + s. Let o be 1/(0 - c/8). Let x(l) = l**2 - 5*l - 2. Give x(o).
-6
Suppose -3*r - r + 96 = 0. Let u be r/(-10) + 12/(-20). Let i(a) = -2*a - 3. Give i(u).
3
Let r(h) = 10*h + 17. Let s(b) = -7*b - 11. Let g(p) = -5*r(p) - 7*s(p). Let f(z) = z**2 + 7*z + 2. Let w be f(-6). What is g(w)?
-4
Let f(t) = -t - 5. Let y be (-8)/32 + 18/8. Suppose -y*k + 3 = -3. Suppose 5*v + 7*l - k*l = -40, 41 = -4*v - 5*l. Determine f(v).
-1
Let k(z) = -z + 3. Suppose 3*d + 42 = -3*i, 3*d - 4 = 3*i + 32. Let r = i - -8. Calculate k(r).
8
Let z be (-6)/(-4)*(1 - 3). Let b(p) be the second derivative of -p**4/12 - 5*p**3/6 - 3*p**2/2 + 11*p. Calculate b(z).
3
Suppose -2*s + 3*f = 2*s - 9, 2*s - 2*f = 2. Let d(i) = -3*i - s*i + 1 + 2*i. Calculate d(1).
-6
Let o(r) = 2*r**2 - 3*r - 2. Let k be (140/25)/2 - (-1)/5. Give o(k).
7
Let u(m) = m + 2. Suppose 0 = -x + 3*l - 6, -3*x - 22 + 4 = -2*l. Calculate u(x).
-4
Let r(m) = -8*m + m**2 + m - 5 + 3*m. Give r(5).
0
Let m(j) = 8*j**2 - 1 + 0*j**2 - 7*j**2 + 7*j. Give m(-7).
-1
Let g(a) = a**3 + 3*a**2 - 5*a - 2. Let z be g(-4). Suppose -7*d + z*d = 0. Suppose -2*y - 3*s = 0, d*y + 5*y = 2*s. Let i(x) = -x + 6. Determine i(y).
6
Let m(t) = -t**3 + 6*t**2 - 6*t + 7. Let z be ((-3)/3 - -2) + 2. Suppose -3*n = -2*n - 8. Let w = n - z. What is m(w)?
2
Let a(v) be the third derivative of v**5/60 - 5*v**4/24 - v**3 - 26*v**2. Give a(5).
-6
Let v be (-1 + 1)/(-1) + -3. Let f be 46/11 - 14/77. Let s(g) = 4*g - g + f - 2*g. What is s(v)?
1
Let p(i) = -i**3 + 2*i + 25*i**2 + 29*i**2 - 4 - 52*i**2. Calculate p(3).
-7
Let h(c) = -18 + 3*c**2 + 7 + 8 + c**3. Give h(-3).
-3
Let f(b) = 2*b - 6. Let m(p) = -p + 3. Let g(l) = -3*f(l) - 5*m(l). Give g(-6).
9
Let x be 39/15 - 4/(-10). Suppose -x*l - 3 = 4*j, 2*j = -0*j + 3*l + 21. Let t(b) = b**3 - 3*b**2 - 3*b + 4. Give t(j).
-5
Let c be -2 + (-1 - -1 - -1). Let x(f) = -13*f**3 - 7 + 4*f**2 + 14*f**3 + 5*f - f**2. Let a(v) = -v**2 - v + 1. Let s(p) = c*x(p) - 5*a(p). Determine s(2).
2
Let o(c) = 27*c + 42. Suppose -3*m - m = 20. Let a(q) = 11*q + 17. Let b(r) = m*o(r) + 12*a(r). Calculate b(-5).
9
Let r be (1 + (2 - 0))/(3/2). Let b(f) = 4*f**3 - 4*f**2 + 4*f - 3. What is b(r)?
21
Let y be 1/3 - 48/9. Let r(z) = z**2 + 6*z. Let s be r(y). Let v(w) be the second derivative of w**3/6 - w**2/2 - 4*w + 8. Determine v(s).
-6
Let g(w) be the first derivative of w**2/2 - 6*w + 1. Let k = 18 - 22. Let d = k - -7. Determine g(d).
-3
Let p be ((-40)/(-10))/(2/(-2)). Suppose -2*w + 3 = -1. Let u(i) = -i**2 + 3*i - 3*i**w - i**3 + 2 + 3. What is u(p)?
-7
Let o(t) be the second derivative of -2*t**4/3 - t**2/2 + t. Suppose 4*z - 121 = -117. What is o(z)?
-9
Let y = 12 - 8. Suppose 14 = 5*s + y. Let r(v) = 2*v**3 - 2*v**2. Calculate r(s).
8
Let a(h) = -5*h + 9. Let g(y) = 14*y - 27. Let s(k) = -11*a(k) - 4*g(k). Give s(6).
3
Let i(f) = 2*f - 5. Let w(n) = n + 1. Let r be w(12). Let q = r - 9. Calculate i(q).
3
Suppose -y - 4*y + 10 = 0. Let i(b) = b**2 - 2. Give i(y).
2
Let h be (4/16)/((-1)/(-4)). Let j(d) = 6*d - 1. Calculate j(h).
5
Let k(z) = -9*z**2 - z - 1. Let d = 1 - 2. Give k(d).
-9
Let y(z) = -11*z + 1. Let h(x) = 3*x**2 - 2*x**2 + 1 + 2*x**2 + 6*x - 2*x**2. Let g be h(-6). Calculate y(g).
-10
Suppose 3*p + 3 = 2*p. Let l(y) = y**2 + 1. What is l(p)?
10
Let i(j) be the first derivative of -2 + 1/2*j**2 - 1/3*j**3 + j. Let u = -10 + 13. Give i(u).
-5
Let s(y) be the second derivative of -4*y - 1/6*y**3 + 0 - 1/2*y**2 + 1/12*y**4. Suppose 3 + 6 = 3*a. Give s(a).
5
Let b(d) = -d**2 - 1. Let y be b(-2). Let s be y + (-4)/(4/(-3)). Let u(r) = 2*r**2 + 2*r. Give u(s).
4
Let t(m) = m**2 - 12*m - 20. Let n be t(14). Suppose 0 = z + n - 3. Let y(d) = d**3 + 4*d**2 - 5*d - 4. Determine y(z).
-4
Suppose -3*w = -22 + 10. Suppose 1 + 22 = w*c + a, 26 = 4*c + 2*a. Let y(s) = 3 - 1 + 1 + c*s. Give y(-2).
-7
Suppose -4 = 2*o + 4*i, 5*o - 8 = i + 15. Let n(a) = a - 7. Let c be n(o). Let y(j) = j**3 + 4*j**2 + 2*j + 4. Calculate y(c).
7
Let c(j) = -3*j**2 + 8*j. Let x(i) = -i**2 + 3*i. Let q(t) = 2*c(t) - 7*x(t). Give q(6).
6
Let k be (12/8)/(3/16). Suppose 2*f = k - 2. Let g(z) = z**3 - 4*z**2 + 3*z + 2. Calculate g(f).
2
Let i(x) = -x**3 + 9*x**2 + 2*x + 4. Let f(s) = -3*s**3 + 26*s**2 + 6*s + 11. Let c(r) = -6*f(r) + 17*i(r). Let p be ((-6)/5)/(2/(-5)). Determine c(p).
-4
Let w(o) = -3*o + 295*o**2 - 311*o**2 + 2*o. What is w(1)?
-17
Let l(y) be the first derivative of -y**2/2 - 5. Suppose -x - 15 = 2*x, 4*x + 25 = -o. Determine l(o).
5
Let k(d) be the second derivative of d**5/20 - d**4/3 - 2*d**3/3 - 4*d**2 + 9*d. What is k(5)?
-3
Let d(n) be the second derivative of 7*n**3/3 - n**2/2 - 41*n. Give d(1).
13
Let m(z) be the first derivative of -2*z**3/3 + 3*z**2/2 - 3*z + 12. Let a(p) = p**3 - 2*p**2 + 2*p - 2. Let t be a(2). Calculate m(t).
-5
Let r = 4 + -6. Let q = 1 - r. Let g(j) = 3*j + 2 - j**2 - j**3 - q*j + 2*j**2 + 3*j. Determine g(3).
-7
Let u(q) be the second derivative of 7*q**4/24 - q**3/6 - 4*q**2 - 5*q. Let t(o) be the first derivative of u(o). What is t(-1)?
-8
Let w(t) = -9*t - 2. Let p(x) = -x**3 - 10*x**2 - 9*x + 2. Let j be p(-9). What is w(j)?
-20
Let x(l) = l + 4. Suppose 0 = 13*f - 14*f - 16. Let w = -22 - f. Calculate x(w).
-2
Let f = 33 + -29. Let x(q) = -q**2 + 6*q - 1. Determine x(f).
7
Let c = -6 + 7. Let y be (-2 - -2*2)/c. Suppose -d = y*d + 3. Let r(q) = 7*q**2 + q + 1. Give r(d).
7
Let h(g) be the third derivative of g**5/120 + 5*g**4/24 + g**3/6 - 3*g**2. Let t(a) be the first derivative of h(a). Determine t(0).
5
Let z(x) = -x**2 - 3*x + 6. Suppose 5 = h + 2*w, -3*w - 2*w = 4*h - 5. Give z(h).
-4
Let c(y) = y**3 - 5*y**2 + 3. Let u(m) = -4*m**2 + 6*m - 7. Let w(z) = -3*z**2 + 6*z - 6. Let d(r) = -4*u(r) + 5*w(r). 